is the highest common factor of t and 3?
3
Suppose -5*z - 4*b = -559 - 56, 4*b + 337 = 3*z. Calculate the greatest common divisor of z and 17.
17
Suppose 4 = -3*j - 2, j = a - 30. Calculate the highest common divisor of a and 21.
7
Suppose 3*t - 32 = 2*t - 5*h, -88 = -5*t - h. What is the highest common divisor of t and 187?
17
Let j = 8 + -7. Let x(y) = -y - 2*y + 20*y. Let a be x(j). Calculate the highest common factor of a and 17.
17
Let v = 7 - 16. Let m be 1/(24/v + 3). Suppose -9 = -3*q, -52 - 12 = -5*b - m*q. Calculate the greatest common factor of b and 22.
11
Let q be 0 - (20/(-6))/((-14)/(-63)). Let g = -97 + 232. What is the greatest common factor of q and g?
15
Let m be (3 + -1)*2/4. What is the highest common divisor of 9 and m?
1
Let f(y) = -28*y + 4. Let r be f(-5). Let t = -2 - -4. Suppose -3*n = 4*w - 60, -12 + 40 = 2*w + t*n. Calculate the highest common factor of r and w.
18
Let n = 9 - -11. Let y be 96/30*(5 + 0). Suppose -y - 4 = -2*m. What is the greatest common factor of m and n?
10
Let a be (-254)/(-10) + (-4)/10. Let o be (-1)/5 - 26/(-5). Suppose -o = 5*b - a. Calculate the greatest common divisor of b and 4.
4
Suppose -r + 183 = 2*r. Suppose 4*x - 5*m - r = 103, -x + 2*m = -44. What is the highest common divisor of 6 and x?
6
Let b(n) = -2*n - 8. Let w be b(-8). Calculate the greatest common factor of w and 64.
8
Suppose -52 = -6*x + 140. What is the greatest common factor of x and 32?
32
Suppose 3*l - 202 = -3*c + 107, 5*c - 15 = 0. What is the greatest common factor of 40 and l?
20
Let c be -2*(-5)/((-30)/(-99)). Suppose 0*l + 3*l - c = 0. Let r = -7 - -18. What is the highest common factor of r and l?
11
Let j = 140 + -72. Let a = j + -27. Suppose -3*n = 5*k - 46, -2*n - a = -4*k - 3*n. What is the highest common factor of k and 99?
11
Suppose 0 = f - 3*f - 4, o + 3*f = -4. Let t = o + -1. What is the greatest common divisor of t and 11?
1
Let a = 0 - -3. Let v(c) = c**3 + 2*c. Let t be v(a). Suppose -4*d + 6 = -6. Calculate the greatest common factor of t and d.
3
Let v be (55/10)/((-1)/(-34)). Calculate the highest common factor of v and 17.
17
Suppose 3*j - 12 = 0, 14 = k - 3*j + 3. Calculate the greatest common divisor of 184 and k.
23
Let i be (336/(-36))/(4/3 + -2). Suppose 88 = 4*r - 2*r + 2*j, 0 = -3*r - j + 128. Calculate the greatest common factor of i and r.
14
Let t be ((-1)/2)/(10/(-200)). Let y be 1*(-1)/(-2)*t. Calculate the highest common divisor of 30 and y.
5
Suppose a + 3*a = 0. Suppose a = -3*t + 4*d + 11 + 33, d + 5 = 0. Calculate the greatest common factor of t and 2.
2
Suppose -3*v + 3*r = -18, -3*v - 2*v - 5*r = -20. Suppose 59 = v*l - 26. Calculate the highest common divisor of 187 and l.
17
Let n = 109 + -49. Suppose 4*d = 2*z + n, 7*d - 2*d + z - 68 = 0. Suppose 2*j + 2*m = 124 + 82, -j = 2*m - 108. What is the highest common factor of d and j?
14
Let w(s) = -s**2 - 4*s + 5. Let q(c) = c**2 + 10*c + 11. Let t be q(-8). Let z be w(t). Suppose u - 3 = -z*u. What is the highest common divisor of u and 27?
3
Suppose 16*s - 2724 + 660 = 0. What is the greatest common factor of s and 43?
43
Let z = 2 - -23. Calculate the highest common divisor of z and 50.
25
Suppose 5*x - 3*x = m - 18, 2*m + x = 46. Suppose -c + 22 = 2*b + 4*c, -2*b = -3*c - 22. Calculate the highest common factor of m and b.
11
Suppose k + 14 = -0*k. Let x be 66/4*512/(-12). Let l be x/k + (-4)/14. Calculate the highest common divisor of l and 20.
10
Let w = 44 + -38. Let c = 7 - 5. Suppose 4*d - r = 115, -c*d = -3*d - r + 35. What is the greatest common factor of d and w?
6
Let f(j) = 2*j**2 + 5*j + 2. Let g be f(-3). What is the highest common factor of 10 and g?
5
Suppose 5*c - 5 = -5*q, -q + c - 4*c - 7 = 0. What is the highest common factor of q and 1?
1
Let f be ((-4)/(-12))/(2/(-12)). Let m = f - -62. Calculate the highest common factor of 15 and m.
15
Let h(r) = -r**2 - 4*r + 2. Let d be h(-3). Suppose 3*c - 120 = -5*f, 4*c - 125 = -0*c + 5*f. Calculate the greatest common factor of c and d.
5
Suppose 0 = -0*m + 8*m - 32. Calculate the highest common divisor of 20 and m.
4
Let g be (-28)/56*(2/(-1) - 108). Calculate the greatest common divisor of 11 and g.
11
Suppose d = -2*d - 3*y + 54, -2*d + 30 = -y. What is the highest common factor of 2 and d?
2
Let h = 3 + 1. Let o(a) = -4 - 9 + 11*a - a**2 + 3. Let i be o(9). Calculate the highest common divisor of i and h.
4
Suppose 5*s = 5*l + 16 + 9, -4*l - 30 = -5*s. Let y = 78 + -38. Calculate the highest common factor of y and s.
10
Let t be (-8)/12*(-15)/(-2). Let w(q) = -6*q. Let m be w(t). Let o = 76 - 1. Calculate the highest common divisor of m and o.
15
Let s = -54 - -90. Suppose 4*c - 98 = h, 2*c = 2*h - 3*h + 46. Suppose 2*x - 3*x + c = 0. What is the highest common divisor of x and s?
12
Suppose -y - 3 + 5 = 0. Suppose -y*m - 40 = -4*m. Let a be 6/4*(-8)/(-3). Calculate the highest common divisor of m and a.
4
Let a be 26*((-2)/4 - -1). Let n = 43 - a. What is the greatest common factor of n and 10?
10
Suppose -2*l + 25 = y - 6*l, -4*y + 4*l + 52 = 0. Let w = 3 + y. What is the greatest common factor of 8 and w?
4
Let r = -81 + 137. Let a = r + -26. Let h(g) = g**2 - 2*g + 2. Let f be h(4). What is the highest common divisor of f and a?
10
Let s be (-1 - 1) + 36/(-4). Let y be -3 - -2 - -1 - s. Let r be 4/8 - y/(-2). What is the highest common factor of r and 30?
6
Let c be (162/(-15))/(2*9/(-240)). Calculate the highest common factor of c and 18.
18
Suppose 5*t - 172 - 3 = 2*b, 5*t - 3*b = 175. Let n = -14 + 40. Let a be n/6 - (-4)/6. What is the greatest common factor of a and t?
5
Suppose 5*u - 3*u - 6 = 0. Suppose u*t = -2*t + 45. Calculate the highest common factor of 99 and t.
9
Suppose 0 = -4*c + 2*c + 6. Let n = 6 - c. Calculate the greatest common divisor of n and 24.
3
Suppose 0 = w - b - 14, w - 12 = -w - 2*b. Calculate the highest common factor of 5 and w.
5
Let b(d) = d - 5. Let m be b(7). Let v(f) = 3*f + f**3 + m*f - 4 - 9*f**2 + f**2. Let k be v(8). Calculate the greatest common divisor of 4 and k.
4
Let a be (280/(-20))/(2/4 - 1). What is the greatest common divisor of 70 and a?
14
Suppose -2*j + 93 = -7. Let k(r) be the first derivative of r**3/3 + r**2/2 - 3. Let z be k(4). Calculate the highest common factor of j and z.
10
Suppose 3*c = 29 - 2. Let a be (2 - -64)/(c/6). Let q(j) = 3*j + 1. Let y be q(1). Calculate the highest common factor of a and y.
4
Let g be (7 - 2)*12/(-15). Let v = 6 + g. Suppose v*z + 36 = 5*z. What is the greatest common divisor of 132 and z?
12
Let g be 2/(-2) - (25 + 1). Suppose -s + 66 - 16 = -2*x, 0 = 2*s - 2*x - 104. Let n = s + g. Calculate the greatest common factor of 3 and n.
3
Let j(b) = -7 - b + 2*b**3 - 3*b**3 - 1011*b**2 + 1008*b**2. Let q be -5*(-1 + 1 - -1). Let s be j(q). What is the greatest common factor of s and 32?
16
Let d be (2 - 9/3) + 10. Calculate the highest common factor of d and 81.
9
Suppose -5*s = -j + 35 - 1464, -4*s - 5*j + 1149 = 0. What is the greatest common divisor of s and 26?
26
Let s(x) = 3 - x - x + x. Let q be s(3). Suppose q = -3*t + 13 + 20. What is the greatest common factor of t and 22?
11
Let j = 12 - 7. Suppose j*r = 41 + 39. What is the highest common divisor of r and 2?
2
Let c(t) = 6 - 7*t**2 - 1 - t**3 + 0. Let l = 11 - 18. Let d be c(l). What is the greatest common divisor of d and 35?
5
Suppose 4*g = 3*r - 59, 0 = -r - 2*g + 3. Suppose 1 = -k - 4*v + 27, -5*k = -v - 130. What is the greatest common factor of r and k?
13
Suppose 0 = -3*p + b + 7, -5*b + 5 = -0*p - 5*p. Suppose p*z + n - 44 = 0, 0*z - 20 = -2*z - n. Calculate the greatest common divisor of 60 and z.
12
Let q = -14 - -39. Calculate the highest common divisor of q and 100.
25
Let f be (-34)/(-2) - -3 - 2. Let o(i) = i**3 - 2*i**2 + i + 4. Let r be o(5). Let h = r - -78. What is the highest common divisor of f and h?
18
Suppose 0 = -5*w, 4*m - 3*w - 8 - 4 = 0. Suppose 4 = y, -31 = -f - m*y + 1. Let r be (-2)/5 + 408/f. What is the greatest common factor of r and 50?
10
Let z be 5 - (6 - 16/4). Calculate the highest common factor of z and 12.
3
Suppose -3*y + n = -276, y - 6*y - 4*n = -443. Calculate the highest common divisor of y and 13.
13
Suppose 0 = -5*v + 2*c + 18, -v - 3 + 2 = -5*c. What is th